 3316?
6
What is the units digit of 228?
8
What is the hundreds digit of 43590?
5
What is the tens digit of 2242?
4
What is the units digit of 948?
8
What is the tens digit of 4787?
8
What is the ten thousands digit of 19576?
1
What is the thousands digit of 4619?
4
What is the hundreds digit of 7319?
3
What is the tens digit of 2604?
0
What is the thousands digit of 20015?
0
What is the units digit of 30519?
9
What is the thousands digit of 1522?
1
What is the hundreds digit of 9145?
1
What is the units digit of 148?
8
What is the units digit of 9403?
3
What is the thousands digit of 1148?
1
What is the hundred thousands digit of 123026?
1
What is the units digit of 312?
2
What is the units digit of 20809?
9
What is the units digit of 373?
3
What is the hundreds digit of 504?
5
What is the tens digit of 139?
3
What is the units digit of 647?
7
What is the ten thousands digit of 16456?
1
What is the thousands digit of 25912?
5
What is the units digit of 2679?
9
What is the hundreds digit of 1801?
8
What is the ten thousands digit of 34313?
3
What is the tens digit of 4105?
0
What is the tens digit of 8844?
4
What is the tens digit of 41548?
4
What is the tens digit of 2321?
2
What is the units digit of 530?
0
What is the units digit of 5316?
6
What is the hundreds digit of 570?
5
What is the hundreds digit of 1698?
6
What is the units digit of 6616?
6
What is the hundred thousands digit of 193004?
1
What is the tens digit of 8838?
3
What is the units digit of 4689?
9
What is the hundreds digit of 808?
8
What is the units digit of 3?
3
What is the units digit of 61074?
4
What is the units digit of 5584?
4
What is the tens digit of 43367?
6
What is the thousands digit of 1536?
1
What is the ten thousands digit of 32718?
3
What is the hundreds digit of 472?
4
What is the units digit of 149614?
4
What is the thousands digit of 11002?
1
What is the tens digit of 10361?
6
What is the tens digit of 1548?
4
What is the tens digit of 11780?
8
What is the tens digit of 2635?
3
What is the thousands digit of 1670?
1
What is the units digit of 2874?
4
What is the units digit of 14382?
2
What is the units digit of 2170?
0
What is the ten thousands digit of 14037?
1
What is the units digit of 28235?
5
What is the tens digit of 586?
8
What is the hundreds digit of 60417?
4
What is the tens digit of 1573?
7
What is the hundred thousands digit of 142373?
1
What is the units digit of 859?
9
What is the tens digit of 6289?
8
What is the ten thousands digit of 12302?
1
What is the thousands digit of 2017?
2
What is the units digit of 105432?
2
What is the hundreds digit of 413?
4
What is the ten thousands digit of 44739?
4
What is the hundreds digit of 16115?
1
What is the thousands digit of 5562?
5
What is the hundreds digit of 7632?
6
What is the thousands digit of 25979?
5
What is the tens digit of 11992?
9
What is the hundreds digit of 4798?
7
What is the ten thousands digit of 87112?
8
What is the ten thousands digit of 33907?
3
What is the units digit of 22335?
5
What is the thousands digit of 23746?
3
What is the thousands digit of 1527?
1
What is the thousands digit of 5982?
5
What is the hundreds digit of 3062?
0
What is the units digit of 2715?
5
What is the hundreds digit of 27368?
3
What is the units digit of 78972?
2
What is the tens digit of 49159?
5
What is the thousands digit of 93568?
3
What is the hundreds digit of 75490?
4
What is the hundreds digit of 23439?
4
What is the hundreds digit of 894?
8
What is the tens digit of 250?
5
What is the units digit of 98?
8
What is the hundreds digit of 892?
8
What is the hundreds digit of 2875?
8
What is the units digit of 18745?
5
What is the ten thousands digit of 12363?
1
What is the ten thousands digit of 12172?
1
What is the tens digit of 2841?
4
What is the thousands digit of 1604?
1
What is the hundreds digit of 1014?
0
What is the ten thousands digit of 66037?
6
What is the thousands digit of 48793?
8
What is the tens digit of 31710?
1
What is the thousands digit of 25258?
5
What is the thousands digit of 34127?
4
What is the thousands digit of 11246?
1
What is the units digit of 1521?
1
What is the hundreds digit of 2558?
5
What is the hundreds digit of 930?
9
What is the units digit of 5839?
9
What is the hundreds digit of 15426?
4
What is the thousands digit of 18203?
8
What is the units digit of 16965?
5
What is the thousands digit of 4961?
4
What is the thousands digit of 2317?
2
What is the hundreds digit of 196377?
3
What is the hundreds digit of 4068?
0
What is the tens digit of 22458?
5
What is the hundreds digit of 2245?
2
What is the ten thousands digit of 13736?
1
What is the hundreds digit of 1139?
1
What is the ten thousands digit of 10167?
1
What is the hundreds digit of 4095?
0
What is the units digit of 922?
2
What is the hundreds digit of 40990?
9
What is the thousands digit of 2037?
2
What is the tens digit of 4909?
0
What is the hundreds digit of 2046?
0
What is the hundreds digit of 763?
7
What is the hundreds digit of 415?
4
What is the thousands digit of 6054?
6
What is the tens digit of 1683?
8
What is the ten thousands digit of 24715?
2
What is the thousands digit of 1081?
1
What is the units digit of 1563?
3
What is the tens digit of 397?
9
What is the tens digit of 1293?
9
What is the tens digit of 8129?
2
What is the hundreds digit of 232?
2
What is the units digit of 2178?
8
What is the units digit of 425?
5
What is the ten thousands digit of 10262?
1
What is the units digit of 18305?
5
What is the tens digit of 9213?
1
What is the thousands digit of 2265?
2
What is the tens digit of 16?
1
What is the thousands digit of 7658?
7
What is the hundreds digit of 11610?
6
What is the hundreds digit of 734?
7
What is the hundreds digit of 46389?
3
What is the units digit of 15279?
9
What is the hundreds digit of 23425?
4
What is the units digit of 175?
5
What is the units digit of 6840?
0
What is the tens digit of 5008?
0
What is the units digit of 42292?
2
What is the ten thousands digit of 21496?
2
What is the units digit of 1519?
9
What is the hundreds digit of 7347?
3
What is the units digit of 285?
5
What is the hundreds digit of 7385?
3
What is the thousands digit of 1673?
1
What is the units digit of 6341?
1
What is the units digit of 17179?
9
What is the ten thousands digit of 56166?
5
What is the tens digit of 7117?
1
What is the hundreds digit of 12327?
3
What is the hundreds digit of 34047?
0
What is the hundreds digit of 1493?
4
What is the units digit of 85234?
4
What is the units digit of 1710?
0
What is the units digit of 1045?
5
What is the tens digit of 8614?
1
What is the units digit of 95013?
3
What is the thousands digit of 6416?
6
What is the tens digit of 633?
3
What is the units digit of 12025?
5
What is the tens digit of 943?
4
What is the thousands digit of 8531?
8
What is the tens digit of 3600?
0
What is the ten thousands digit of 118183?
1
What is the units digit of 623?
3
What is the hundreds digit of 2486?
4
What is the hundreds digit of 1158?
1
What is the thousands digit of 15237?
5
What is the hundreds digit of 9173?
1
What is the thousands digit of 12946?
2
What is the units digit of 1552?
2
What is the thousands digit of 4064?
4
What is the tens digit of 130577?
7
What is the hundreds digit of 139179?
1
What is the tens digit of 5396?
9
What is the tens digit of 11358?
5
What is the ten thousands digit of 34433?
3
What is the units digit of 2149?
9
What is the hundreds digit of 13144?
1
What is the thousands digit of 39641?
9
What is the thousands digit of 21208?
1
What is the hundreds digit of 36609?
6
What is the units digit of 677?
7
What is the thousands digit of 17752?
7
What is the units digit of 16201?
1
What is the thousands digit of 168752?
8
What is the tens digit of 44?
4
What is the units digit of 3521?
1
What is the tens digit of 31223?
2
What is the ten thousands digit of 30453?
3
What is the hundreds digit of 1306?
3
What is the thousands digit of 8668?
8
What is the thousands digit of 1135?
1
What is the ten thousands digit of 12047?
1
What is the tens digit of 1272?
7
What is the tens digit of 19950?
5
What is the hundreds digit of 8437?
4
What is the units digit of 3009?
9
What is the tens digit of 51096?
9
What is the